is -154 + 157 + (-3 - 0) + (28 + -1 - -4)?
31
-69 - -69 - (3 + 0 - (11 - 4) - -27)
-23
Calculate 213 - (-64 + -27 + 178).
126
What is -67 - (-1 + 1 + 5 + 7 + -24)?
-55
Calculate -34 + (-26 - (-33 + 0) - 4).
-31
What is (-4 - (2 - 2)) + (14 - (19 - 13) - 3)?
1
What is the value of -26 - (2 - -9 - (-28 - -92))?
27
45 + 5 - (-4 - (-10 + 16 + 6))
66
Evaluate 75 - (-18 - (-40 + 15)) - 15.
53
Evaluate 19 + -86 + -21 + 95.
7
(2 - 40 - (-97 + 83)) + (34 - 22)
-12
Evaluate (-54 + 68 + -16 - (-14 + 0)) + 58 + -7.
63
(-15 + 11 + -14 - -25) + -11
-4
Evaluate 31 - 149 - (25 + -84).
-59
What is the value of 19 - (70 - 11 - -12 - (-18 - 1))?
-71
What is the value of -14 - (2 + 0 + (176 - 124))?
-68
Evaluate 47 + -1 - 0 - (73 + 123 + -194).
44
21 + (-25 - 1 - (-1340 + 1350))
-15
Calculate -92 + -1 + -5 + (4 - (-18 - 4 - -26)).
-98
Evaluate (83 - 135 - (-2 - 21)) + 3.
-26
What is the value of 4 + -3 - (-8 - -23 - 6 - (91 - 17))?
66
-1110 + 1163 + -2 + -56
-5
2 - (8 + -11) - 10 - (-18 - -25)
-12
Calculate (-12 - 32 - 49) + -2 + (3 - -1).
-91
What is -1 + (15 - -2) + -20 + 77 + -69?
4
Evaluate -1 - 55 - (-1252 + 1226).
-30
-17 - (14 + 6 + -26 - -14)
-25
18 + 6 + -27 + -22 + 5
-20
Evaluate -8 + 59 - 138 - -63.
-24
Calculate 0 - (-1 + (12 - (5 - -9)) + -13).
16
(21 + -35 - (46 + -21)) + -32
-71
What is the value of 10 + 50 + -308 + 321?
73
Calculate -1 - (-40 + -15 + 32).
22
Calculate -21 - (76 + (24 - 47) - 29).
-45
What is the value of 29 + -13 - (-12 + -1 - 2)?
31
What is the value of (-81 - -38) + 26 + -36?
-53
What is 8 + (-23 + (25 - 8) - -9)?
11
What is the value of -2 + -2 - (0 + (0 - -1) + (91 - 68))?
-28
(-5 + 6 - -24 - 10 - 17) + 57
55
Evaluate (-5 + 3 - -33) + (-14 - (12 + -11) - -7).
23
58 - 116 - (9 - (39 - 7))
-35
-54 + (-32 + -8 + 23 - -36)
-35
Calculate -44 + 48 - (-53 + (3 + -10 - -3) + 0).
61
What is -67 + 96 + 66 - 16?
79
Evaluate 4 - (5 + (-10 + 8 - (5 + (-59 - 0)))).
-53
-24 - ((-37 - -26) + 136) - -7
-142
What is the value of -6 + (68 - (9 - -129))?
-76
-22 + (2 + -14 - (-130 + 105))
-9
Evaluate -12 + (554 - 526 - (-1 + 2 + 10)).
5
-9 + 1 + (43 - -25 - 40) + -3
17
(72 - 84) + -65 + 1 + -3 + -1 + 0
-80
-21 + (14 - -47) + (0 - -81)
121
Calculate 78 - (33 + 135 + -10).
-80
What is the value of 3 - (2 - 0) - 2 - (-41 - (14 + -45))?
9
What is the value of (-27 - -64 - -25) + -92?
-30
What is 5 - ((-8 + 9 - -1) + (-1 - 27))?
31
What is 0 - (0 - 60) - (63 + -60) - 8?
49
Evaluate 41 - ((3 - -8) + 36).
-6
7 + (-60 - -24) - (-32 - -3)
0
Evaluate (-29 - 8 - -19) + 31 + -2 + 18.
29
What is the value of -5 + (12 - -11) + -32 + -18?
-32
What is (88 - 50 - 74) + 80?
44
What is the value of (10 - (25 + -35)) + -33?
-13
What is 120 - (38 + -29 + 50 + -26)?
87
Calculate -6 + (-39 - -34) + -1 + (1 - -53).
42
5 + -14 + (20 - 3) + 1
9
-3 + 17 + -4 - ((-6 - 2) + (39 - -12))
-33
-135 - -42 - -108 - (66 - -1)
-52
(-25 + -2 - -24 - (3 + -10)) + 34
38
Evaluate (279 - 287) + (-5 - -37).
24
What is the value of -5 + -1 + 3 + -22 - (52 + -69)?
-8
Evaluate ((3 - 2) + (2 - 1) - (-639 + 630)) + -69.
-58
What is -2 + 55 - (-694 + 748)?
-1
What is 10 - ((82 - 3) + (-30 - (-10 - 25)))?
-74
What is (-10 - -20) + (-45 - (-9 - 50)) + (-1 - 133)?
-110
What is -98 + 1 + 37 + 41?
-19
What is -77 + (89 - 33) - -42?
21
Evaluate -40 - (-27 + (-17 - 5) + 54).
-45
2 + 9 + -11 + -46 + 6 + -2 + 1
-41
What is 7 - 1 - (20 + -30 - -35)?
-19
Evaluate -7 + 2 + (-29 - -9) + 8.
-17
What is the value of 864 + -777 - (1 - -39)?
47
Calculate 11 + (17 + (-5 - -2) + -25 - -19).
19
What is the value of (28 + -7 - 10) + -5 + 31 + -13?
24
What is (23 - -68) + (-7 - -2 - 1) + 173 + -168?
90
Evaluate 255 + -376 + -9 + 92.
-38
What is 25 + (11 - ((9 - 3) + (57 - 45)))?
18
Calculate (58 - 16) + -24 + -71.
-53
What is the value of 4 - -23 - 102 - (11 + 6 + -2)?
-90
What is (-419 - -401) + (-3 - -84)?
63
Calculate -30 + 81 + -27 + -3 - -57.
78
What is (-5 + 18 - 6 - 10) + -10 - 28?
-41
What is the value of (-3 - -8) + -8 + (-1 - 0) + 46 + 3?
45
What is -51 + 93 - (6 + -1) - (-10 - -22)?
25
Calculate (206 - 217) + -3 + 7 + 0 - (-3 - 64).
60
What is the value of 1 + -34 - ((0 - -3) + (-445 - -428))?
-19
-24 + 66 + (-73 - -65)
34
-47 + (-36 - -54) - (28 + -181)
124
What is 74 - 126 - -57 - (-12 + 5)?
12
Calculate -2 - (7 - 3) - (-354 - -385).
-37
0 + -3 + 10 + (-1 - (9 - 13)) + -104
-94
What is the value of 22 + -2 + 25 + -2 + 22?
65
Calculate -4 + -2 + (1 - -6) + -46 + -8.
-53
Evaluate (26 - 28 - (-12 + 8 - 40)) + -1 + 10.
51
-1 + -152 - (89 - 145)
-97
What is -150 + 231 - (-13 + 6 - -3 - 0)?
85
Calculate -18 + 7 + -13 + (-55 - -99).
20
1 + 25 + 1 + -1 + -12 + -24 - -117
107
(17 + -78 - 34) + 110
15
What is the value of (-2 + (3 - 0) - 8) + -9?
-16
What is the value of -66 + 37 + (17 - -69)?
57
Calculate 0 + -1 + -32 + (42 - (64 + -36)).
-19
What is the value of -2 + (-2 - -6) + -16 + -43 + -7 + 32?
-32
94 - -2 - (-244 - -121 - -127)
92
Calculate 11 - (3 + 1 - (-126 + 42 + 72)).
-5
What is -4 - ((-67 - -43) + 19 + (13 - 1))?
-11
What is the value of 13 + 63 - (902 - 788)?
-38
What is -75 + 12 - (-14 + -109)?
60
What is the value of (-19 - (1 - -1) - 2) + (-40 + 40 - 2)?
-25
5 - (0 - (3 + -2) - (207 - 237))
-24
Evaluate 16 - (102 + -1 + 42 + -56 + 8).
-79
What is the value of 25 - (21 + (-41 - -57))?
-12
What is -46 + (-5 - -9) + (64 - 61) - 18?
-57
Evaluate 67 - (13 + (-29 - -93)).
-10
Evaluate (94 - 90) + -17 + -81.
-94
What is the value of -3 + -1 - -4 - (-20 - -59 - 6)?
-33
What is 5 + 11 + 2 - (-65 - -86) - (-1 - -25)?
-27
What is the value of -1 + -19 - (31 - (38 + -22))?
-35
What is the value of 34 - (12 + -7 - 8 - (4 - 13 - 5))?
23
(-1 - -2 - (23 + (-51 - (7 + -17)))) + -10
9
What is (20 - (7 - (-6 - -2)) - 16) + -4?
-11
What is 2 + (-7 - (52 + 22) - -20)?
-59
What is the value of 47 + (8 - (11 - -33)) - 30?
-19
Calculate (3 - 43) + 41 + 11.
12
-11 - 6 - (-49 + 80)
-48
Evaluate 5 - (-4 + 2 - -78) - (-15 - -3).
-59
-43 + (-125 - -127) + 129
88
What is 30 - (19 - 10 - -5)?
16
Evaluate -70 - (1 + 21 + 15 + -27 - 23).
-57
Evaluate 327 + -341 + (-2 - -47).
31
What is the value of 30 - (10 - (-26 + 16)) - 47 - (2 - -5)?
-44
Evaluate -3 + -8 + 95 + -97 + 4 + 28.
19
-2 + 5 + (7 - (63 - 17) - 64)
-100
Calculate -54 + (36 + -58 - -95).
19
What is the value of 2 + 1 + (-21 - -82) + -41?
23
What is 17 + -1 - (-1 - 0 - (-3 + 26 + -29))?
11
Calculate (82 - (65 + 0)) + -42 + 2 - -146.
123
What is -130 - (120 - (142 - -130))?
22
Calculate (71 - 111 - (-3 + -16)) + 67.
46
What is -55 + (-1357 - -1379) + (-48 - 1)?
-82
Evaluate -6 - 1 - (-1053 + 1060).
-14
Evaluate 21 - 2 - ((7 - 4) + (-6 - -4) + -11).
29
What is the value of (24 - (-7 - 15 - -33)) + -91?
-78
Calculate 14 - -10 - (94 - 56).
-14
Evaluate 1 + -5 - (-15 - (3 + -12)) - -9 - -9.
20
What is the value of (-1 - 1) + 44 + -58 + 39?
23
-89 + 0 + 119 + -112 + -27 + -2 + 10
-101
What is (-99 - (-16 + -33 - -20)) + 29?
-41
Evaluate (-104 - -92) + 98 + -90.
-4
What is -40 + -9 - (0 - 5)?
-44
Evaluate 46 - (-76 - (-84 + 25)).
63
What is the value of -1 - 9 - (11 - (-2 - (-25 - (-3 + -2))))?
-3
2 + 88 + -13 + 20 + 25 + -35
87
(7 - 25) + 42 + -55
-31
What is the value of -3 - 89 - (62 + -102 - -16) - (-1 + 4)?
-71
Evaluate 50 + (-2 - -13) + (-18 - (1 - -11)).
31
What is -17 + (-21 + -20 - -19 - -8)?
-31
67 + 2 + -4 + (512 - 561)
16
Evaluate 9 + 7 + -32 + 31 + 6.
21
What is the value of (23 - 23 - 18) + -1 - (-6 - -73)?
-86
Evaluate -2 + 1 + 2 + 6 - (-198 + 314 - 73).
-36
What is the value of (-13 - 39 - -6) + 31?
-15
5 + 8 + 4 + -2521 + 2481
-23
(0 - -18) + (-161 - -264) - (6 - -15)
100
Evaluate 1 + 2 + -48 - ((6 - (-23 + 44)) + 19).
-49
Evaluate 100 - 86 - (-40 + 20).
34
Evaluate (12 - -1) + -2 - (2976 - 2979) - 63.
-49
Calculate (56 - (3 + 143)) + 46 + -1 + -6.
-51
Calculate 23 - (30 - -4) - (-5 + -19).
13
What is the value of 31 + (-11 - (0 + -38 - 34))?
92
Evaluate 90 + -70 + -87 + (0 - -22).
-45
Calculate 481 - 438 - (13 - -5).
25
What is -15 + 23 + -38 - -52?
22
-1 + 4 + 0 - (-48 - -32)
19
What is the value of (2 - -67) + -86 + 42?
25
-6 - ((-56 - -11) + 95)
-56
What is -8 + 0 - (10 - (19 + -5 - 65 - 28))?
-97
What is (-41 - 2) + (22 - 10) + (11 - 5)?
-25
Calculate 1 - -8 - (9 + 13 + 14).
-27
Evaluate -32 + 43 + (-2 - 0) - (9 + 113 + -17).
-96
(12 + -7 - -13) +